 digit of 13052?
5
What is the hundreds digit of 158037?
0
What is the thousands digit of 459576?
9
What is the thousands digit of 389195?
9
What is the hundred thousands digit of 221977?
2
What is the tens digit of 1054882?
8
What is the ten thousands digit of 1314780?
1
What is the tens digit of 477300?
0
What is the thousands digit of 13328367?
8
What is the units digit of 363637?
7
What is the units digit of 9788362?
2
What is the thousands digit of 16438032?
8
What is the ten thousands digit of 4443931?
4
What is the thousands digit of 6528901?
8
What is the hundred thousands digit of 123650?
1
What is the thousands digit of 20255?
0
What is the thousands digit of 830742?
0
What is the millions digit of 1261032?
1
What is the hundreds digit of 280115?
1
What is the tens digit of 5015884?
8
What is the hundred thousands digit of 13896665?
8
What is the hundreds digit of 145123?
1
What is the tens digit of 1418874?
7
What is the ten thousands digit of 6079753?
7
What is the hundred thousands digit of 2131921?
1
What is the units digit of 353563?
3
What is the tens digit of 239668?
6
What is the ten thousands digit of 7350365?
5
What is the thousands digit of 147891?
7
What is the tens digit of 265334?
3
What is the units digit of 362845?
5
What is the ten thousands digit of 805396?
0
What is the thousands digit of 30257884?
7
What is the ten thousands digit of 980405?
8
What is the ten millions digit of 13406007?
1
What is the thousands digit of 679628?
9
What is the ten thousands digit of 30525262?
2
What is the hundred thousands digit of 649071?
6
What is the thousands digit of 28437?
8
What is the tens digit of 46837?
3
What is the hundred thousands digit of 112591?
1
What is the tens digit of 7310?
1
What is the units digit of 38899?
9
What is the tens digit of 1587101?
0
What is the hundreds digit of 5034715?
7
What is the ten thousands digit of 707538?
0
What is the ten thousands digit of 373360?
7
What is the units digit of 103250?
0
What is the hundreds digit of 386715?
7
What is the hundreds digit of 5616251?
2
What is the thousands digit of 2383251?
3
What is the units digit of 289374?
4
What is the units digit of 30198963?
3
What is the hundred thousands digit of 397504?
3
What is the units digit of 153132?
2
What is the millions digit of 2514169?
2
What is the units digit of 2350195?
5
What is the hundreds digit of 186520?
5
What is the hundred thousands digit of 401055?
4
What is the thousands digit of 1343119?
3
What is the ten thousands digit of 23782021?
8
What is the units digit of 180152?
2
What is the units digit of 5556155?
5
What is the ten thousands digit of 592567?
9
What is the hundreds digit of 88241?
2
What is the millions digit of 25524274?
5
What is the hundreds digit of 829879?
8
What is the ten thousands digit of 2637816?
3
What is the hundreds digit of 1373116?
1
What is the tens digit of 902899?
9
What is the hundreds digit of 103040?
0
What is the ten thousands digit of 130632?
3
What is the ten thousands digit of 159598?
5
What is the hundred thousands digit of 2956923?
9
What is the units digit of 11951459?
9
What is the hundreds digit of 14055551?
5
What is the hundreds digit of 35897220?
2
What is the hundred thousands digit of 175199?
1
What is the ten millions digit of 10674868?
1
What is the hundred thousands digit of 5633860?
6
What is the hundred thousands digit of 743911?
7
What is the units digit of 9096777?
7
What is the hundreds digit of 1551527?
5
What is the hundreds digit of 2845474?
4
What is the tens digit of 635625?
2
What is the units digit of 36428?
8
What is the thousands digit of 171499?
1
What is the hundreds digit of 389322?
3
What is the hundred thousands digit of 870195?
8
What is the hundreds digit of 4022914?
9
What is the hundreds digit of 1904039?
0
What is the units digit of 7758096?
6
What is the ten thousands digit of 2484751?
8
What is the units digit of 14845926?
6
What is the millions digit of 1312636?
1
What is the ten thousands digit of 54247?
5
What is the units digit of 34359347?
7
What is the tens digit of 226609?
0
What is the ten millions digit of 11557752?
1
What is the hundred thousands digit of 24978407?
9
What is the thousands digit of 193911?
3
What is the thousands digit of 59683?
9
What is the hundred thousands digit of 2013951?
0
What is the ten thousands digit of 287251?
8
What is the units digit of 100648?
8
What is the ten millions digit of 15256827?
1
What is the thousands digit of 301178?
1
What is the hundreds digit of 5972093?
0
What is the tens digit of 636837?
3
What is the hundreds digit of 74872?
8
What is the units digit of 2152080?
0
What is the units digit of 75342?
2
What is the tens digit of 5031084?
8
What is the units digit of 11291721?
1
What is the millions digit of 1122867?
1
What is the units digit of 138252?
2
What is the tens digit of 70956?
5
What is the units digit of 269945?
5
What is the tens digit of 2781227?
2
What is the tens digit of 858565?
6
What is the hundreds digit of 2928642?
6
What is the thousands digit of 3554945?
4
What is the units digit of 1587629?
9
What is the ten thousands digit of 666400?
6
What is the hundreds digit of 1841982?
9
What is the tens digit of 1090136?
3
What is the tens digit of 5650317?
1
What is the hundred thousands digit of 252043?
2
What is the ten thousands digit of 244507?
4
What is the ten thousands digit of 1309777?
0
What is the thousands digit of 3479002?
9
What is the thousands digit of 5319020?
9
What is the units digit of 968525?
5
What is the thousands digit of 1409492?
9
What is the hundreds digit of 520736?
7
What is the hundred thousands digit of 4209664?
2
What is the ten thousands digit of 24395?
2
What is the hundreds digit of 866606?
6
What is the hundred thousands digit of 10759664?
7
What is the thousands digit of 30088309?
8
What is the tens digit of 4465014?
1
What is the hundred thousands digit of 2096551?
0
What is the hundred thousands digit of 1272270?
2
What is the hundreds digit of 17338208?
2
What is the millions digit of 1821463?
1
What is the units digit of 1092053?
3
What is the tens digit of 113003?
0
What is the hundred thousands digit of 194690?
1
What is the units digit of 1366901?
1
What is the tens digit of 265045?
4
What is the hundreds digit of 7338589?
5
What is the hundreds digit of 400861?
8
What is the thousands digit of 2225194?
5
What is the tens digit of 931852?
5
What is the hundreds digit of 177806?
8
What is the tens digit of 1840376?
7
What is the tens digit of 249611?
1
What is the units digit of 178223?
3
What is the tens digit of 5059458?
5
What is the hundreds digit of 83347?
3
What is the hundreds digit of 1471557?
5
What is the hundreds digit of 631749?
7
What is the units digit of 511645?
5
What is the tens digit of 187756?
5
What is the ten thousands digit of 73813?
7
What is the units digit of 22884857?
7
What is the hundred thousands digit of 2868870?
8
What is the hundreds digit of 918326?
3
What is the units digit of 2192731?
1
What is the millions digit of 3217727?
3
What is the ten millions digit of 25868778?
2
What is the hundreds digit of 155721?
7
What is the units digit of 3821668?
8
What is the thousands digit of 774716?
4
What is the ten thousands digit of 2450410?
5
What is the ten thousands digit of 601379?
0
What is the ten thousands digit of 60144?
6
What is the tens digit of 181555?
5
What is the tens digit of 2188813?
1
What is the hundreds digit of 12408437?
4
What is the units digit of 5275287?
7
What is the ten thousands digit of 120118?
2
What is the hundreds digit of 14920352?
3
What is the tens digit of 542980?
8
What is the units digit of 19717329?
9
What is the tens digit of 2482898?
9
What is the tens digit of 5849259?
5
What is the hundred thousands digit of 7828425?
8
What is the ten thousands digit of 9332962?
3
What is the hundred thousands digit of 562199?
5
What is the tens digit of 14406061?
6
What is the hundreds digit of 99347?
3
What is the tens digit of 2285360?
6
What is the ten thousands digit of 274346?
7
What is the hundreds digit of 2301180?
1
What is the ten thousands digit of 483194?
8
What is the tens digit of 1040046?
4
What is the hundreds digit of 1128945?
9
What is the units digit